
Suppose -5*o - 20 = 0, 3*o - 10066 = 2*l + 4*o. Is l/(-12) - 4/16 a prime number?
True
Suppose -4*p + 0 = -8. Let s be -2 + (43 + p)*-1. Let b = s - -102. Is b a prime number?
False
Suppose -286980 - 284315 = -5*h. Is h a prime number?
True
Suppose 10760 - 151563 = -13*s. Is s composite?
False
Suppose -3*r = 3*f - 9993, r - 3*r + 6674 = -f. Suppose 6*t - r = t. Is t prime?
False
Let j = 69 + 94. Suppose 144 = -g + j. Is g prime?
True
Suppose -33*u = -17*u - 224464. Is u a composite number?
False
Let t(s) = 202*s + 141. Is t(5) a prime number?
True
Let p = 3971 - -4092. Is p a composite number?
True
Let a = 54 - 54. Let d(p) = -p**3 + 2*p**2 + 2203. Is d(a) composite?
False
Let n = 856 + 4. Suppose -73 = -3*u + n. Is u composite?
False
Let q be (6/(-15))/((-2)/(-460)). Let h = 39 - q. Is h a composite number?
False
Let k = -580 - -404. Let a = 315 + k. Is a prime?
True
Suppose 27696 = -22*d + 916694. Is d composite?
True
Let l(c) be the third derivative of 37*c**4/12 - 9*c**3/2 + 7*c**2. Is l(11) composite?
False
Let p = -11850 + 23452. Is p prime?
False
Suppose -17*g - 4955 = -22*g - 5*m, -5*g = -m - 4979. Is g composite?
True
Suppose 61*b + 6818 = 68*b. Is b a prime number?
False
Let i(b) = 784*b**2 + 2*b - 1. Let q be 10/12 - (-3)/18. Is i(q) composite?
True
Let w be (-14)/4*144/(-84). Let r be (-32)/56 - 4166/(-14). Is ((-6)/(-9))/(w/r) composite?
True
Let a(m) = 209*m**2 - 13*m - 11. Is a(-3) a composite number?
True
Let w(s) be the third derivative of -s**6/60 + s**5/10 + s**4/12 - 5*s**3/6 + 10*s**2. Is w(-4) a prime number?
True
Suppose -5*i + 10370 = -22*i. Let g = -257 - i. Is g a composite number?
False
Let o = 37148 - 21547. Is o a prime number?
True
Let d = -14721 + 21124. Suppose -9*y + 3956 = -d. Is y composite?
False
Suppose -4*z - 802 = -2*z. Let r = 1746 + z. Is r a prime number?
False
Let j(y) = -2*y**3 - 3*y + 3. Let q be j(1). Is (1 + 990/(-12))/(1/q) a prime number?
True
Let m = -25 - -27. Suppose -m*p + 10038 = 4*p. Is p prime?
False
Suppose -19*u + 339027 = -6*u. Is u a prime number?
False
Let l(z) = -z**2 - 4*z + 5. Let q be l(-4). Suppose -51 + 19 = 3*x - 5*y, 12 = -q*x - 2*y. Is (-1)/x - (-1482)/24 prime?
False
Let i(l) = 12*l + 65. Is i(12) prime?
False
Let c(f) be the first derivative of -f**4/4 + 7*f**3/3 + 5*f**2 + f + 307. Let x = 9 + -2. Is c(x) composite?
False
Let m = 9 - 14. Let s be (-2342)/(-6) - m/(-15). Is s/8 - (-2)/8 prime?
False
Let y = 15410 - 5449. Is y prime?
False
Suppose -4*d = 5*f + 493, 4*d - 3*f + 92 = -393. Let o be 256 + (8 - (-2 - -5)). Let c = o + d. Is c prime?
True
Let g be 8/28*(6 + 1). Suppose 3*n + g = 8. Suppose -2*m - n*m + 628 = 0. Is m a prime number?
True
Let f = -6878 + 12987. Is f composite?
True
Is 43896/44 + (-8)/(-22) a composite number?
True
Suppose -6*y = -3*y + 3. Is (2/(-4))/(y/7022) a prime number?
True
Suppose 2 = 2*h - 2. Let a be (-3)/h + (-2210)/(-20). Let k = a + -50. Is k a prime number?
True
Let v(r) = -r + 623. Suppose 0 = -9*d + 8*d. Is v(d) a prime number?
False
Let z = 20338 + -11409. Is z prime?
True
Let u be 3/(-4) - 4/(32/(-46)). Suppose 0*y + u*y = 185. Is y composite?
False
Let u be 9/((-27)/(-30)) + -1. Let j(q) = -q**2 - 2*q - 10. Let t be j(u). Let n = 6 - t. Is n prime?
False
Suppose 0 = -5*g - 15, 9*z = 4*z + 4*g + 16867. Is z prime?
True
Let x(r) be the first derivative of -19*r**2/2 - r + 8. Is x(-2) prime?
True
Let l = 2686 - -907. Is l a prime number?
True
Let b(q) = -2*q - 2. Let m be b(-1). Suppose 2*k + 4*w - 390 = m, k - 75 = -w + 124. Is k composite?
True
Let m(a) = 32*a**2 - 15*a - 27. Is m(22) prime?
True
Let p = 31066 - 21832. Suppose -4*y = -5*t - 12311, 3*t + 0*t + p = 3*y. Is y a composite number?
False
Suppose -x - x + 3 = 3*b, 5*x = -3*b + 12. Let p be ((-2)/(-5))/(b/(-20)). Suppose -p*y = -9*y + 203. Is y composite?
True
Let u(p) = 41 - 22*p - 10 - p - 40*p. Is u(-8) a composite number?
True
Suppose 2*m - 5 = 3*y, -3*y - 34 = -4*m - 5*y. Suppose -1 = 3*w - m. Is (-38 - 0)/(w/(-3)) prime?
False
Suppose 5*u - v - 2341 = 0, 2*u = -2*u + v + 1872. Is u prime?
False
Suppose 5*y = -22 - 3, 0 = -5*a + 3*y - 2885. Let v = 993 + a. Is v a prime number?
False
Let w = 0 + -6. Let l be ((-2)/w)/(9/54). Suppose -3*z - 4*n = -781, -n = -0 + l. Is z a composite number?
False
Suppose -f - 2*j = 3*j - 37, 4*j + 1 = f. Suppose n - 48 = -f. Suppose -3*b - 4*p = -34, -3*b + 2*p + n = -15. Is b composite?
True
Let i = 1650 + 5957. Is i a composite number?
False
Let j(y) = -29*y - 21. Let d be (-16)/(-3)*(-12)/(-8)*-1. Is j(d) a prime number?
True
Let d = 11619 + -20180. Is (-4)/22 + d/(-77) prime?
False
Is ((-2)/(-4))/((-39)/(-135174)) prime?
True
Let r = -517 + 759. Let l = -136 + r. Is l composite?
True
Suppose -4*l + 10056 = -0*l. Suppose -16*t = -10*t - l. Is t composite?
False
Let d(p) = 12*p**2 + p - 1. Let y(g) = -23*g**2 - 2*g + 3. Let o(z) = -7*d(z) - 4*y(z). Let n = -28 + 24. Is o(n) a prime number?
False
Suppose 4*h - 48899 = -3*g, -9*g + 2*h = -11*g + 32598. Is g a composite number?
True
Let x(k) = 9*k**2 - 26. Let p(c) = -5*c**2 + 13. Let t(w) = 5*p(w) + 3*x(w). Is t(-4) a composite number?
False
Let r(l) = 97*l**2 + 1 - 3 + 1 + l. Let s(p) = -p**2 + 39*p - 73. Let u be s(37). Is r(u) prime?
True
Is 7598 + (-2 - (3 + 2)) a composite number?
False
Suppose -d - 4*x = -443, 1965 = 4*d + 3*x + 180. Suppose 4*t - 57 = d. Let r = t - 88. Is r a composite number?
True
Let f(l) = -l**3 + 16*l**2 + 21*l + 3. Let p(b) = b**3 - 16*b**2 - 22*b - 3. Let g(t) = 4*f(t) + 3*p(t). Is g(14) composite?
False
Let y(p) = -5931*p**3 + 2*p**2 - 4*p - 9. Is y(-2) prime?
False
Let f(a) = 251*a**3 + 3*a**2 - 5*a - 3. Let h(t) = -252*t**3 - 4*t**2 + 6*t + 3. Let w(s) = -4*f(s) - 3*h(s). Is w(-1) a composite number?
True
Let q(m) = -560*m - 149. Is q(-8) a composite number?
True
Suppose 2*n + 5*p - 7490 = 5768, 3*n - 19921 = p. Is n a composite number?
True
Let r = -11 - -1. Is 2*(2/r)/((-10)/2075) a prime number?
True
Let g = 23 + -24. Let l(t) = t - 8. Let w be l(6). Is (w + 399)*(g - -2) composite?
False
Let t(o) = o + 11. Let p be t(-6). Let j(i) = -i**2 - 7*i - 1. Let z be j(p). Let d = z - -138. Is d a composite number?
True
Let k = -1604 - -2988. Suppose 4495 = 3*o + k. Is o a prime number?
False
Suppose 2*h - 2*t + 5 - 1 = 0, -4*h = 5*t - 37. Let p(o) = o**2 - 5*o - 4. Let z be p(6). Suppose 0*s - 762 = -z*x + 4*s, 1136 = h*x + s. Is x prime?
True
Let b be (-9)/4 + (-9)/(-36). Is (-5 - 505/10)/(1/b) a prime number?
False
Let o = 45 - 254. Suppose -411 = -0*v - v. Let s = v + o. Is s a prime number?
False
Let y(m) be the first derivative of 1/4*m**4 - 5*m - 8 + 17/2*m**2 - 4*m**3. Is y(12) composite?
False
Let p(b) = b**2 - 11. Let t be p(-4). Suppose -t*j - 1029 = -9. Let z = j - -287. Is z a prime number?
True
Is 4 - (4 + -6) - -40475 composite?
True
Suppose 27*o - 2*b - 10492 = 25*o, 3*o + 2*b - 15763 = 0. Is o prime?
False
Let h = -3907 + 7110. Is h a prime number?
True
Suppose -63466 = -58*r - 19560. Is r a prime number?
True
Let j(v) = -6*v**2 - v + 17*v**2 + v**3 + 10*v**2 + 6 - 4*v**2. Is j(-16) a prime number?
False
Suppose 6*g + t = 2*g + 2407, 2*g - 1214 = -4*t. Let v = g - 306. Is v composite?
True
Let f(r) = -6*r**2 + 4*r + 5. Let w(i) = -7*i**2 + 3*i + 5. Let o(t) = -5*f(t) + 4*w(t). Let d = 14 - 6. Is o(d) a composite number?
False
Let w = 786 - 527. Is w a composite number?
True
Suppose -9*d + 4688 = -d. Is d prime?
False
Suppose 0 = -8*f + 11*f - 12. Is -3 - (-62 + -2)/(f/146) composite?
False
Suppose 1 = -p, -11*p + 7*p - 6463 = -3*r. Is r composite?
False
Let q(a) = -18*a - 6 - 2 + 10*a**2 + 4*a + a**3 + 1. Let m be q(-11). Suppose 3*o - 203 = h, -3*h + m = -5*o + 367. Is o composite?
False
Suppose -2500 = 23*a - 33159. Is a composite?
True
Let j(x) = 7*x**2 + 5*x + 1. Let h be j(4). Let m be (-16)/(((-8)/(-12))/(-2)). Let g = h - m. Is g a composite number?
True
Let a(z) = z**3 - 9*z**2 - 2*z. Let b be a(10). Suppose -2*j - 5*f + 31 = 0, -4*j - 4*f + b = -0*j. Is j a composite number?
False
Suppose -3*q - 15 = 0, -2*q + 3*q = 5*p - 2920. Let l = p + -102. Suppose 4*w - 2261 = -l. Is w prime?
False
Let b = -18 - -33. Let p be (-252)/b*-10*1. Suppose -5*a + 4*k + p = -467, -2*a + 282 = 4*k. Is a composite?
False
Suppose -r = -0*r. Suppos